o) = 2*o**2 - 187*o + 4304. Determine m(41).
-1
Let h(f) = -8*f**3 + 10*f**2 - 4*f - 13. What is h(-1)?
9
Let q(a) = 5*a**3 - 16*a**2 + 10*a. What is q(5)?
275
Let c(x) = -x**2 + 17*x + 299. Give c(27).
29
Let t(u) = u**2 - 68*u - 1452. Give t(-17).
-7
Let f(t) = -310*t + 4061. Give f(13).
31
Let r(c) = -c**3 + 45*c**2 + 295*c + 227. Calculate r(-5).
2
Let z(x) = -7*x**2 - 64*x - 409. Determine z(-6).
-277
Let r(l) = -2*l**2 + l + 1. Give r(11).
-230
Let y(f) = 11*f - 54. Give y(-2).
-76
Let p(h) = 110*h**3 + h**2 - 8*h + 8. Calculate p(1).
111
Let w(l) = 4*l**2 - 36*l - 65. Calculate w(8).
-97
Let k(q) = -70*q + 146. Determine k(6).
-274
Let g(x) = -73*x + 1780. Calculate g(25).
-45
Let n(p) = -3*p**3 - 23*p**2 + 66*p - 1. Determine n(3).
-91
Let f(h) = -h**3 - 65*h**2 + 276*h + 10. What is f(-69)?
10
Let y(d) = -3*d**2 - 271*d + 9082. Calculate y(26).
8
Let m(y) = -470*y - 4219. Determine m(-9).
11
Let k(u) = 67*u + 96. Calculate k(-4).
-172
Let s(q) = -113*q + 2946. Determine s(26).
8
Let v(c) = -95*c + 50. Calculate v(1).
-45
Let n(s) = 551*s + 7154. What is n(-13)?
-9
Let g(l) = -2*l**2 + 9*l - 15. What is g(5)?
-20
Let x(i) = -232*i**2 - 37*i + 9. Give x(-2).
-845
Let w(u) = -273*u + 4358. Give w(16).
-10
Let i(m) = -m**3 - 11*m**2 + 57*m + 535. Determine i(-11).
-92
Let u(w) = -3*w**3 + 2*w**2 - 6*w + 9. What is u(-5)?
464
Let q(u) = -96*u**2 - 872*u - 69. Give q(-9).
3
Let x(l) = -10*l**3 - 420*l**2 + 5*l + 131. What is x(-42)?
-79
Let b(i) = -i**3 - 4*i**2 + 29. Calculate b(-4).
29
Let q(j) = -j**3 + 2*j**2 + 24*j + 35. Give q(9).
-316
Let m(z) = 27*z**2 - 77*z. What is m(3)?
12
Let p(a) = 2*a**2 - 12*a - 101. Determine p(-7).
81
Let l(u) = 7*u + 12. Determine l(7).
61
Let q(a) = a**2 + 40*a + 148. What is q(-45)?
373
Let b(l) = 55*l - 4238. Determine b(77).
-3
Let o(n) = -n**3 + 5*n**2 + 154*n - 4. Determine o(-10).
-44
Let c(p) = -2*p**3 - 286*p**2 - 132*p + 21589. Give c(-142).
5
Let g(a) = a**3 + a**2 + 6*a - 12. What is g(-3)?
-48
Let i(m) = 3*m**3 + 74*m**2 + 54*m + 3. What is i(-24)?
-141
Let y(s) = 3*s**2 + 39*s - 537. Calculate y(9).
57
Let x(c) = c**3 + 152*c**2 - 5256*c. Give x(29).
-203
Let d(u) = u**3 - 22*u**2 + 119*u - 57. What is d(16)?
311
Let y(g) = g**3 - 19*g**2 + 53*g + 89. Determine y(15).
-16
Let c(l) = -l**3 + 10*l**2 - 10*l + 1. What is c(9)?
-8
Let f(g) = g**2 - 2310*g + 13823. What is f(6)?
-1
Let x(c) = 310*c - 212. Calculate x(-1).
-522
Let a(h) = -8*h - 43. Determine a(31).
-291
Let x(o) = 14*o**2 + 132*o + 546. What is x(-4)?
242
Let s(q) = -q**3 + 53*q**2 + 150*q + 1018. What is s(56)?
10
Let b(v) = 20*v - 72. Give b(3).
-12
Let x(q) = q**2 - 264*q - 2465. Give x(-9).
-8
Let l(y) = -8*y**3 - y**2 - 6*y - 17. What is l(-2)?
55
Let u(o) = o**3 + 35*o**2 - 75*o - 46. Calculate u(-37).
-9
Let t(c) = c**3 - 56*c**2 - 19*c + 1088. Calculate t(56).
24
Let m(t) = 2*t**2 - 73*t + 151. What is m(35)?
46
Let n(s) = 196*s + 32149. Give n(-164).
5
Let w(u) = 2*u**2 - 11*u - 306. Give w(-10).
4
Let h(p) = p**2 - 16*p - 70. Calculate h(20).
10
Let v(z) = -294*z - 13822. Calculate v(-47).
-4
Let q(y) = -1275*y + 7824. What is q(6)?
174
Let f(p) = -57*p + 164. Determine f(10).
-406
Let r(t) = -t**2 - 38*t - 58. Determine r(-36).
14
Let l(o) = -3*o**2 + 59*o + 100. What is l(21)?
16
Let h(n) = 4*n + 32. Calculate h(31).
156
Let w(t) = -34*t**3 + 5*t**2 + 21*t + 16. Give w(-1).
34
Let r(i) = -123*i + 18974. Calculate r(154).
32
Let w(k) = 202*k**2 + 3*k - 3. Determine w(1).
202
Let t(v) = -v**3 + 41*v**2 - 29*v - 456. What is t(40)?
-16
Let z(h) = 3*h**2 - 596*h + 7748. Determine z(14).
-8
Let a(w) = -41*w - 61. Calculate a(0).
-61
Let s(w) = -109*w**2 + 434*w + 5. Give s(4).
-3
Let n(k) = -k**2 - 5*k - 3. Determine n(0).
-3
Let f(r) = -r**3 - 33*r**2 - 204*r + 10. What is f(-24)?
-278
Let q(w) = 3*w**2 - 102*w + 50. What is q(24)?
-670
Let h(a) = -12*a + 124. Give h(12).
-20
Let q(f) = -6845*f + 34227. What is q(5)?
2
Let y(q) = 3*q**3 - 75*q**2 + 36. Give y(25).
36
Let u(n) = -25*n**2 - 13*n + 2. Determine u(-1).
-10
Let w(u) = -u**3 - 43*u**2 - 213*u + 61. Determine w(-6).
7
Let g(u) = -672*u + 37625. What is g(56)?
-7
Let f(l) = -2*l**3 - 29*l**2 + 73*l + 1221. Determine f(-14).
3
Let g(w) = 903*w - 12633. What is g(14)?
9
Let t(g) = 33*g - 350. What is t(28)?
574
Let k(i) = -i**3 + 21*i**2 - 84*i + 887. Calculate k(19).
13
Let i(w) = -8869*w + 195113. Calculate i(22).
-5
Let i(h) = 5*h**2 + 43*h - 402. Give i(7).
144
Let w(b) = -11*b**2 - 522*b - 1978. Give w(-4).
-66
Let j(k) = -270*k + 3240. What is j(12)?
0
Let j(u) = -141*u - 553. What is j(-4)?
11
Let b(v) = 2*v**3 - 76*v**2 - 3*v + 113. Determine b(38).
-1
Let a(y) = 75*y - 490. Give a(7).
35
Let t(p) = p**3 + 4*p**2 - 66*p - 315. Give t(-5).
-10
Let n(o) = -o + 21. Determine n(6).
15
Let y(z) = -21*z - 439. Give y(-4).
-355
Let m(w) = -33*w + 348. What is m(2)?
282
Let s(c) = 33*c - 2245. Give s(68).
-1
Let j(v) = -4*v**2 - 274*v - 3862. Calculate j(-20).
18
Let w(r) = r**2 - 37*r + 115. Give w(35).
45
Let v(t) = 538*t + 16675. Calculate v(-31).
-3
Let s(q) = 11*q + 130. Determine s(-14).
-24
Let k(g) = 5*g + 323. Determine k(4).
343
Let n(j) = j**2 + j - 62. Determine n(-9).
10
Let o(r) = -r**3 + 10*r**2 + 14*r - 235. What is o(6)?
-7
Let q(n) = -n**3 + 85*n**2 - 313*n - 886. What is q(81)?
5
Let r(i) = 9*i**3 + 32*i**2 - 19*i - 79. Determine r(-3).
23
Let m(r) = 2*r**3 - 10*r**2 - 7*r + 3. What is m(5)?
-32
Let k(t) = -t**3 + 5*t**2 - 235*t + 1439. Determine k(6).
-7
Let c(d) = 3*d**2 + 62*d + 5. Calculate c(-22).
93
Let p(r) = r**3 - 10*r**2 - 24*r - 12. Calculate p(13).
183
Let q(u) = -9*u**2 - 63*u. Give q(-10).
-270
Let p(c) = c**3 - 2*c**2 + 100*c - 41. Give p(0).
-41
Let l(o) = -6*o**3 - 3*o**2 - 13*o - 21. Calculate l(-2).
41
Let p(h) = 17*h**3 + 238*h**2 - 3*h - 29. Give p(-14).
13
Let a(x) = -x**2 + 8*x + 11. Determine a(18).
-169
Let l(x) = -x**2 + 156*x + 1616. Determine l(-10).
-44
Let r(j) = -12*j**3 - 6*j**2 - j - 9. Give r(-3).
264
Let f(b) = -408*b - 1220. Calculate f(-3).
4
Let c(v) = 12*v**2 + 5*v + 22. Give c(-1).
29
Let b(c) = c**3 - 10*c**2 + 15*c - 32. Calculate b(9).
22
Let g(d) = -d**2 + 25*d + 233. Give g(38).
-261
Let f(a) = 81*a - 175. What is f(2)?
-13
Let s(h) = 3*h**2 + 10*h - 113. Determine s(-10).
87
Let y(p) = -6*p**2 - 9*p - 38. Determine y(-3).
-65
Let b(x) = -2*x**2 - 17*x + 74. Determine b(-15).
-121
Let o(l) = -l**3 - 14*l**2 - 27*l - 5. Give o(-2).
1
Let b(u) = 10*u**2 + 227*u + 1150. Give b(-15).
-5
Let d(p) = -20*p**2 + 374*p + 109. Give d(19).
-5
Let z(n) = -117*n + 2664. Determine z(23).
-27
Let l(o) = o**2 + 211*o + 3983. Calculate l(-21).
-7
Let i(g) = -97*g + 385. Determine i(3).
94
Let o(i) = i**3 + 22*i**2 + 37*i - 4. What is o(-20)?
56
Let s(z) = -z**3 + 35*z**2 - 30*z + 11. What is s(34)?
147
Let h(m) = -1964*m - 3847. Give h(-2).
81
Let o(v) = -157*v - 10697. What is o(-68)?
-21
Let i(h) = 3*h**2 + 43*h + 12. Give i(-8).
-140
Let m(c) = -13*c - 208. What is m(-17)?
13
Let p(f) = 40*f - 315. Calculate p(8).
5
Let k(h) = 380*h - 1903. Give k(6).
377
Let x(o) = 35*o - 2. What is x(1)?
33
Let s(j) = -5*j**2 - 2*j + 30. What is s(0)?
30
Let x(t) = -2*t**2 + 65*t + 170. Calculate x(35).
-5
Let h(j) = 20*j**2 + 22*j - 23. What is h(1)?
19
Let s(j) = j**3 - 2*j**2 + 9*j + 40. Calculate s(7).
348
Let u(s) = s**2 - 19*s + 27. Give u(18).
9
Let g(i) = 7*i - 220. Determine g(39).
53
Let l(g) = 2*g**3 + 347*g**2 - 176*g - 342. Calculate l(-174).
6
Let o(q) = -439*q - 2192. What is o(-5)?
3
Let b(h) = -h**3 + 6*h**2 + 33*h + 58. Give b(-2).
24
Let m(a) = -a**3 + 27*a - 32. Give m(-6).
22
Let b(g) = g**2 + g + 4. Give b(-4).
16
Let h(s) = -20*s + 13. Give h(3).
-47
Let d(x) = 39*x**2 + 131*x + 9. Give d(-3).
-33
Let d(k) = -18*k**2 - 112*k + 6. Calculate d(-6).
30
Let q(b) = -b**2 - 417*b - 10913. Calculate q(-28).
-21
Let h(y) = 423*y - 3389. Calculate h(8).
-5
Let d(l) = l**2 - 96*l + 1697. Determine d(22).
69
Let j(r) = r**2 + 206*r - 6817. What is j(29)?
-2
Let g(x) = -x**3 + 8*x**2 - 20*x + 242. What is g(9)?
-19
Let z(c) = 12*c**3 - 5*c**2 + 163*c + 168. Calculate z(-1).
-12
Let h(l) = -l**2 - 218*l - 10857. Give h(-142).
-65
Let o(w) = -w**2 + 5*w - 73. Calculate o(5).
-73
Let f(j) = -9*j + 165. Determine f(14)